{"id":46,"date":"2026-04-29T13:23:39","date_gmt":"2026-04-29T13:23:39","guid":{"rendered":"https:\/\/dcrrhh.uc.edu.ve\/?page_id=46"},"modified":"2026-04-29T13:26:55","modified_gmt":"2026-04-29T13:26:55","slug":"personal","status":"publish","type":"page","link":"https:\/\/dcrrhh.uc.edu.ve\/index.php\/personal\/","title":{"rendered":"Personal"},"content":{"rendered":"\n<div class=\"wp-block-group alignfull has-global-padding is-layout-constrained wp-block-group-is-layout-constrained\">\n<div class=\"wp-block-group has-border-color has-border-light-border-color has-tertiary-background-color has-background has-global-padding is-layout-constrained wp-block-group-is-layout-constrained\" style=\"border-width:1px;padding-top:var(--wp--preset--spacing--small);padding-bottom:var(--wp--preset--spacing--small)\">\n<h4 class=\"wp-block-heading has-text-align-center has-primary-alt-color has-text-color has-link-color wp-elements-5abe867c22cc04682b24502c9f247f8f\" style=\"font-style:normal;font-weight:700\">Direcci\u00f3n Central de Recursos Humanos-Despacho<br>dcrrhh@uc.edu.ve<\/h4>\n\n\n\n<p class=\"has-text-align-center has-x-small-font-size\">Claudia Dur\u00e1n: csduran@uc.edu.ve<br>Luis Rodr\u00edguez: lrodriguez67@uc.edu.ve<br>Johana Ozall: nozall@uc.edu.ve<br>Elo\u00edsa Ochoa: ejochoa@uc.edu.ve<\/p>\n<\/div>\n\n\n\n<div class=\"wp-block-group has-border-color has-border-light-border-color has-tertiary-background-color has-background has-global-padding is-layout-constrained wp-block-group-is-layout-constrained\" style=\"border-width:1px;padding-top:var(--wp--preset--spacing--small);padding-bottom:var(--wp--preset--spacing--small)\">\n<h4 class=\"wp-block-heading has-text-align-center has-primary-alt-color has-text-color has-link-color wp-elements-58b2d773ce6fceb833eb490c1371d4ea\" style=\"font-style:normal;font-weight:700\">Unidad de Asesor\u00eda Legal<br>ual.dcrrhh@uc.edu.ve<\/h4>\n\n\n\n<p class=\"has-text-align-center has-x-small-font-size\">Hilda Sanoja: hcsanoja@uc.edu.ve<br>Mariangel Barrios: mmbarrios@uc.edu.ve<br>Liliam Rodr\u00edguez: lrodriguez@uc.edu.ve<br>German Medina: gmedina9@uc.edu.ve<br>Ang\u00e9lica Silva: asilva@uc.edu.ve<br>Antonia Mora: amora9@uc.edu.ve<\/p>\n<\/div>\n\n\n\n<div class=\"wp-block-group has-border-color has-border-light-border-color has-tertiary-background-color has-background has-global-padding is-layout-constrained wp-block-group-is-layout-constrained\" style=\"border-width:1px;padding-top:var(--wp--preset--spacing--small);padding-bottom:var(--wp--preset--spacing--small)\">\n<h4 class=\"wp-block-heading has-text-align-center has-primary-alt-color has-text-color has-link-color wp-elements-14ad3387433177535f5b53e2358c6832\" style=\"font-style:normal;font-weight:700\">Departamento de Planificaci\u00f3n y Control de Recursos Humanos<br>dpc.dcrrhh@uc.edu.ve<\/h4>\n\n\n\n<p class=\"has-text-align-center has-x-small-font-size\">Reynaldo Herrera: rherrera2@uc.edu.ve<br>Oriana Barboza: obarboza@uc.edu.ve<br>Milexy Pinto: mpinto31@uc.edu.ve<br>Dany Perozo: dperozo@uc.edu.ve<\/p>\n<\/div>\n\n\n\n<div class=\"wp-block-group has-border-color has-border-light-border-color has-tertiary-background-color has-background has-global-padding is-layout-constrained wp-block-group-is-layout-constrained\" style=\"border-width:1px;padding-top:var(--wp--preset--spacing--small);padding-bottom:var(--wp--preset--spacing--small)\">\n<h4 class=\"wp-block-heading has-text-align-center has-primary-alt-color has-text-color has-link-color wp-elements-e783a5db1384d4a26361bc0d6221f195\" style=\"font-style:normal;font-weight:700\">Departamento de Gesti\u00f3n Organizacional y Desarrollo de Talento<br>dgodt.dcrrhh@uc.edu.ve<\/h4>\n\n\n\n<p class=\"has-text-align-center has-x-small-font-size\">Ana Anzola: aanzola@uc.edu.ve<br>Yuramy Soto: ysoto@uc.edu.ve<br>Carlos Casadiego: ccasadiego1@uc.edu.ve<br>Leidy Laya: llaya3@uc.edu.<br>Rodysila Caro: crodysila@uc.edu.ve<br>Jes\u00fas Montoya: jgmontoya@uc.edu.ve<\/p>\n<\/div>\n\n\n\n<div class=\"wp-block-group has-border-color has-border-light-border-color has-tertiary-background-color has-background has-global-padding is-layout-constrained wp-block-group-is-layout-constrained\" style=\"border-width:1px;padding-top:var(--wp--preset--spacing--small);padding-bottom:var(--wp--preset--spacing--small)\">\n<h4 class=\"wp-block-heading has-text-align-center has-primary-alt-color has-text-color has-link-color wp-elements-d7ece54827a2659ce086e90c2228b971\" style=\"font-style:normal;font-weight:700\">Unidad de Registro de Informaci\u00f3n<br>uri.dcrrhh@uc.edu.ve<\/h4>\n\n\n\n<p class=\"has-text-align-center has-x-small-font-size\">Rina Guerrero: rguerrero5@uc.edu.ve<br>Armando Jim\u00e9nez: ajjimenez@uc.edu.ve<br>Lilian Acosta:&nbsp;lacosta7@uc.edu.ve<br>Keidimar Pimentel:&nbsp;kpimentel@uc.edu.ve<br>Raymar Palencia: rpalencia2@uc.edu.ve<br>Leonardo Torrens: ltorrens@uc.edu.ve<br>Carmen Colmenarez:&nbsp;ccolmenarez@uc.edu.ve<\/p>\n<\/div>\n\n\n\n<div class=\"wp-block-group has-border-color has-border-light-border-color has-tertiary-background-color has-background has-global-padding is-layout-constrained wp-block-group-is-layout-constrained\" style=\"border-width:1px;padding-top:var(--wp--preset--spacing--small);padding-bottom:var(--wp--preset--spacing--small)\">\n<h4 class=\"wp-block-heading has-text-align-center has-primary-alt-color has-text-color has-link-color wp-elements-0e994742d4a81a78466d37facdf3cd65\" style=\"font-style:normal;font-weight:700\">Oficina Sectorial de Administraci\u00f3n y Servicios<br>admin.dcrrhh@uc.edu.ve<\/h4>\n\n\n\n<p class=\"has-text-align-center has-x-small-font-size\">Ronal Zapata: rzapata1@uc.edu.ve<br>Ronier Alvarado: ralvarado4@uc.edu.ve<br>Ricardo Loaiza: rloaiza1@uc.edu.ve<br>Pedro Ulacio: pulacio@uc.edu.ve<br>Luis Iturbe: liturbe@uc.edu.ve<br>Omaira Colmenares<br>Raiza Moreno<\/p>\n<\/div>\n\n\n\n<div class=\"wp-block-group has-border-color has-border-light-border-color has-tertiary-background-color has-background has-global-padding is-layout-constrained wp-block-group-is-layout-constrained\" style=\"border-width:1px;padding-top:var(--wp--preset--spacing--small);padding-bottom:var(--wp--preset--spacing--small)\">\n<h4 class=\"wp-block-heading has-text-align-center has-primary-alt-color has-text-color has-link-color wp-elements-035706a73490e955ecd07d6b88e637c9\" style=\"font-style:normal;font-weight:700\">Departamento de Beneficios Contractuales<br>dbc.dcrrhh@uc.edu.ve<\/h4>\n\n\n\n<p class=\"has-text-align-center has-x-small-font-size\">Ayling Mart\u00ednez: amartinez47@uc.edu.ve<br>Alfredo Gudi\u00f1o: agudino4@uc.edu.ve<br>Julio Melian: jmelian@uc.edu.ve<br>Marianela Sosa: mmsosa@uc.edu.ve<\/p>\n<\/div>\n\n\n\n<div class=\"wp-block-group has-border-color has-border-light-border-color has-tertiary-background-color has-background has-global-padding is-layout-constrained wp-block-group-is-layout-constrained\" style=\"border-width:1px;padding-top:var(--wp--preset--spacing--small);padding-bottom:var(--wp--preset--spacing--small)\">\n<h4 class=\"wp-block-heading has-text-align-center has-primary-alt-color has-text-color has-link-color wp-elements-7a99f4b0b69d32def04b01131e9a1b77\" style=\"font-style:normal;font-weight:700\">Departamento de Seguro Social<br>dss.dcrrhh@uc.edu.ve<\/h4>\n\n\n\n<p class=\"has-text-align-center has-x-small-font-size\">Yasmin Sarmiento: ysarmiento@uc.edu.ve<br>Sugheys P\u00e9rez: sperez4@uc.edu.ve<br>Gabriel Fern\u00e1ndez: gfernandez16@uc.edu.ve<\/p>\n<\/div>\n\n\n\n<div class=\"wp-block-group has-border-color has-border-light-border-color has-tertiary-background-color has-background has-global-padding is-layout-constrained wp-block-group-is-layout-constrained\" style=\"border-width:1px;padding-top:var(--wp--preset--spacing--small);padding-bottom:var(--wp--preset--spacing--small)\">\n<h4 class=\"wp-block-heading has-text-align-center has-primary-alt-color has-text-color has-link-color wp-elements-d6aa33000673c4d3efabb3c9a9fc7f63\" style=\"font-style:normal;font-weight:700\">Departamento de Informaci\u00f3n y Gesti\u00f3n de Personal Administrativo y Obrero<br>digao.dcrrhh@uc.edu.ve<\/h4>\n\n\n\n<p class=\"has-text-align-center has-x-small-font-size\">Arlette Hern\u00e1ndez: ahernandezd@uc.edu.ve<br>Lorena Chourio: lchourio2@uc.edu.ve<br>Marianella Benitez: mbenitez1@uc.edu.ve<br>Yorbely Pe\u00f1a: ycpena@uc.edu.ve<\/p>\n<\/div>\n\n\n\n<div class=\"wp-block-group has-border-color has-border-light-border-color has-tertiary-background-color has-background has-global-padding is-layout-constrained wp-block-group-is-layout-constrained\" style=\"border-width:1px;padding-top:var(--wp--preset--spacing--small);padding-bottom:var(--wp--preset--spacing--small)\">\n<h4 class=\"wp-block-heading has-text-align-center has-primary-alt-color has-text-color has-link-color wp-elements-21527063077880bfcb114fcc9e999edb\" style=\"font-style:normal;font-weight:700\">Departamento de Informaci\u00f3n y Gesti\u00f3n de Personal Docente<br>digd.dcrrhh@uc.edu.ve<\/h4>\n\n\n\n<p class=\"has-text-align-center has-x-small-font-size\">Zuyibel Vega: zvega@uc.edu.ve<br>Rebeca Alvarado: ralvarado11@uc.edu.ve<br>Gabriel Colmenares: gcolmenares10@uc.edu.ve<\/p>\n<\/div>\n\n\n\n<div class=\"wp-block-group has-border-color has-border-light-border-color has-tertiary-background-color has-background has-global-padding is-layout-constrained wp-block-group-is-layout-constrained\" style=\"border-width:1px;padding-top:var(--wp--preset--spacing--small);padding-bottom:var(--wp--preset--spacing--small)\">\n<h4 class=\"wp-block-heading has-text-align-center has-primary-alt-color has-text-color has-link-color wp-elements-36cc40e6f04dde2aef90178300de928f\" style=\"font-style:normal;font-weight:700\">Oficina Sectorial de Recursos Humanos<br>rrhh.rectoria@uc.edu.ve<\/h4>\n\n\n\n<p class=\"has-text-align-center has-x-small-font-size\">Tulelvia Berrios: tberrios@uc.edu.ve<br>Diego Martinez: dmartinez40@uc.edu.ve<br>Yoneida Aguilar: yaguilar7@uc.edu.ve<br>Mar\u00eda Yesenia Colmenares<\/p>\n<\/div>\n\n\n\n<div class=\"wp-block-group has-border-color has-border-light-border-color has-tertiary-background-color has-background has-global-padding is-layout-constrained wp-block-group-is-layout-constrained\" style=\"border-width:1px;padding-top:var(--wp--preset--spacing--small);padding-bottom:var(--wp--preset--spacing--small)\">\n<h4 class=\"wp-block-heading has-text-align-center has-primary-alt-color has-text-color has-link-color wp-elements-5aef50c5d994afcc89e4897ec20df7e6\" style=\"font-style:normal;font-weight:700\">Departamento de Prestaciones Sociales<br>dps.dcrrhh@uc.edu.ve<\/h4>\n\n\n\n<p class=\"has-text-align-center has-x-small-font-size\">Marion Romero: mcromero1@uc.edu.ve<br>Alexander Barrios: arios8@uc.edu.ve<br>Eranis G\u00e1mez: egamez3@uc.edu.ve<br>Neicy Aular: naviar@uc.edu.ve<br>Mar\u00eda de Los \u00c1ngeles Luna: mluna@uc.edu.ve<\/p>\n<\/div>\n<\/div>\n","protected":false},"excerpt":{"rendered":"<p>Direcci\u00f3n Central de Recursos Humanos-Despachodcrrhh@uc.edu.ve Claudia Dur\u00e1n: csduran@uc.edu.veLuis Rodr\u00edguez: lrodriguez67@uc.edu.veJohana Ozall: nozall@uc.edu.veElo\u00edsa Ochoa: ejochoa@uc.edu.ve Unidad de Asesor\u00eda Legalual.dcrrhh@uc.edu.ve Hilda Sanoja: hcsanoja@uc.edu.veMariangel Barrios: mmbarrios@uc.edu.veLiliam Rodr\u00edguez: lrodriguez@uc.edu.veGerman Medina: gmedina9@uc.edu.veAng\u00e9lica Silva: asilva@uc.edu.veAntonia Mora: amora9@uc.edu.ve Departamento de Planificaci\u00f3n y Control de Recursos Humanosdpc.dcrrhh@uc.edu.ve Reynaldo Herrera: rherrera2@uc.edu.veOriana Barboza: obarboza@uc.edu.veMilexy Pinto: mpinto31@uc.edu.veDany Perozo: dperozo@uc.edu.ve Departamento de Gesti\u00f3n Organizacional y Desarrollo de [&hellip;]<\/p>\n","protected":false},"author":1,"featured_media":0,"parent":0,"menu_order":0,"comment_status":"closed","ping_status":"closed","template":"","meta":{"footnotes":""},"class_list":["post-46","page","type-page","status-publish","hentry"],"_links":{"self":[{"href":"https:\/\/dcrrhh.uc.edu.ve\/index.php\/wp-json\/wp\/v2\/pages\/46","targetHints":{"allow":["GET"]}}],"collection":[{"href":"https:\/\/dcrrhh.uc.edu.ve\/index.php\/wp-json\/wp\/v2\/pages"}],"about":[{"href":"https:\/\/dcrrhh.uc.edu.ve\/index.php\/wp-json\/wp\/v2\/types\/page"}],"author":[{"embeddable":true,"href":"https:\/\/dcrrhh.uc.edu.ve\/index.php\/wp-json\/wp\/v2\/users\/1"}],"replies":[{"embeddable":true,"href":"https:\/\/dcrrhh.uc.edu.ve\/index.php\/wp-json\/wp\/v2\/comments?post=46"}],"version-history":[{"count":3,"href":"https:\/\/dcrrhh.uc.edu.ve\/index.php\/wp-json\/wp\/v2\/pages\/46\/revisions"}],"predecessor-version":[{"id":50,"href":"https:\/\/dcrrhh.uc.edu.ve\/index.php\/wp-json\/wp\/v2\/pages\/46\/revisions\/50"}],"wp:attachment":[{"href":"https:\/\/dcrrhh.uc.edu.ve\/index.php\/wp-json\/wp\/v2\/media?parent=46"}],"curies":[{"name":"wp","href":"https:\/\/api.w.org\/{rel}","templated":true}]}}